{"id":3205,"date":"2024-11-13T22:57:12","date_gmt":"2024-11-13T21:57:12","guid":{"rendered":"https:\/\/www.vivelibre.es\/collaborator\/maria-laorden\/"},"modified":"2025-02-07T10:20:50","modified_gmt":"2025-02-07T09:20:50","slug":"maria-laorden","status":"publish","type":"vl-collaborator","link":"https:\/\/www.vivelibre.es\/en\/collaborator\/maria-laorden\/","title":{"rendered":"Mar\u00eda Laorden"},"content":{"rendered":"<p>Graduated in Psychology from the Complutense University of Madrid, she has enhanced her education with a Master&#8217;s in Cognitive Neuropsychology and a Master&#8217;s in Behavioral Science Methodology.<\/p><p>She has worked in various clinical practices, specializing in diagnosis, treatment, and guidance for neurodevelopmental disorders and learning difficulties.<\/p><p>Mar\u00eda has led a digital transformation project in the field of neuropsychology, focusing on integrating artificial intelligence and digitizing cognitive stimulation for neurodevelopmental disorders and learning difficulties.<\/p><p>She views psychology as a discipline aimed at understanding individuals within their personal, familial, and social contexts, with the ultimate goal of providing strategies that promote health and adaptation for every life situation.<\/p>","protected":false},"featured_media":2609,"template":"","class_list":["post-3205","vl-collaborator","type-vl-collaborator","status-publish","has-post-thumbnail","hentry"],"acf":[],"yoast_head":"<!-- This site is optimized with the Yoast SEO plugin v25.0 - https:\/\/yoast.com\/wordpress\/plugins\/seo\/ -->\n<title>Mar\u00eda Laorden | ViveLibre<\/title>\n<meta name=\"description\" content=\"Descubre como Mar\u00eda Laorden colabora con ViveLibre para mejorar la calidad de vida de las personas mayores, con discapacidad o en situaci\u00f3n de dependencia.\" \/>\n<meta name=\"robots\" content=\"index, follow, max-snippet:-1, max-image-preview:large, max-video-preview:-1\" \/>\n<link rel=\"canonical\" href=\"https:\/\/www.vivelibre.es\/en\/collaborator\/maria-laorden\/\" \/>\n<meta property=\"og:locale\" content=\"en_US\" \/>\n<meta property=\"og:type\" content=\"article\" \/>\n<meta property=\"og:title\" content=\"Mar\u00eda Laorden | ViveLibre\" \/>\n<meta property=\"og:description\" content=\"Descubre como Mar\u00eda Laorden colabora con ViveLibre para mejorar la calidad de vida de las personas mayores, con discapacidad o en situaci\u00f3n de dependencia.\" \/>\n<meta property=\"og:url\" content=\"https:\/\/www.vivelibre.es\/en\/collaborator\/maria-laorden\/\" \/>\n<meta property=\"og:site_name\" content=\"ViveLibre\" \/>\n<meta property=\"article:modified_time\" content=\"2025-02-07T09:20:50+00:00\" \/>\n<meta property=\"og:image\" content=\"https:\/\/www.vivelibre.es\/wp-content\/uploads\/2025\/01\/Dra.-Maria-Laorden-Neuropsicologa.jpg\" \/>\n\t<meta property=\"og:image:width\" content=\"312\" \/>\n\t<meta property=\"og:image:height\" content=\"325\" \/>\n\t<meta property=\"og:image:type\" content=\"image\/jpeg\" \/>\n<meta name=\"twitter:card\" content=\"summary_large_image\" \/>\n<meta name=\"twitter:label1\" content=\"Est. reading time\" \/>\n\t<meta name=\"twitter:data1\" content=\"1 minute\" \/>\n<script type=\"application\/ld+json\" class=\"yoast-schema-graph\">{\"@context\":\"https:\/\/schema.org\",\"@graph\":[{\"@type\":\"WebPage\",\"@id\":\"https:\/\/www.vivelibre.es\/en\/collaborator\/maria-laorden\/\",\"url\":\"https:\/\/www.vivelibre.es\/en\/collaborator\/maria-laorden\/\",\"name\":\"Mar\u00eda Laorden | ViveLibre\",\"isPartOf\":{\"@id\":\"https:\/\/www.vivelibre.es\/en\/#website\"},\"primaryImageOfPage\":{\"@id\":\"https:\/\/www.vivelibre.es\/en\/collaborator\/maria-laorden\/#primaryimage\"},\"image\":{\"@id\":\"https:\/\/www.vivelibre.es\/en\/collaborator\/maria-laorden\/#primaryimage\"},\"thumbnailUrl\":\"https:\/\/www.vivelibre.es\/wp-content\/uploads\/2025\/01\/Dra.-Maria-Laorden-Neuropsicologa.jpg\",\"datePublished\":\"2024-11-13T21:57:12+00:00\",\"dateModified\":\"2025-02-07T09:20:50+00:00\",\"description\":\"Descubre como Mar\u00eda Laorden colabora con ViveLibre para mejorar la calidad de vida de las personas mayores, con discapacidad o en situaci\u00f3n de dependencia.\",\"breadcrumb\":{\"@id\":\"https:\/\/www.vivelibre.es\/en\/collaborator\/maria-laorden\/#breadcrumb\"},\"inLanguage\":\"en-US\",\"potentialAction\":[{\"@type\":\"ReadAction\",\"target\":[\"https:\/\/www.vivelibre.es\/en\/collaborator\/maria-laorden\/\"]}]},{\"@type\":\"ImageObject\",\"inLanguage\":\"en-US\",\"@id\":\"https:\/\/www.vivelibre.es\/en\/collaborator\/maria-laorden\/#primaryimage\",\"url\":\"https:\/\/www.vivelibre.es\/wp-content\/uploads\/2025\/01\/Dra.-Maria-Laorden-Neuropsicologa.jpg\",\"contentUrl\":\"https:\/\/www.vivelibre.es\/wp-content\/uploads\/2025\/01\/Dra.-Maria-Laorden-Neuropsicologa.jpg\",\"width\":312,\"height\":325,\"caption\":\"Dra. Mar\u00eda Laorden Neuropsic\u00f3loga\"},{\"@type\":\"BreadcrumbList\",\"@id\":\"https:\/\/www.vivelibre.es\/en\/collaborator\/maria-laorden\/#breadcrumb\",\"itemListElement\":[{\"@type\":\"ListItem\",\"position\":1,\"name\":\"Home\",\"item\":\"https:\/\/www.vivelibre.es\/en\/\"},{\"@type\":\"ListItem\",\"position\":2,\"name\":\"Mar\u00eda Laorden\"}]},{\"@type\":\"WebSite\",\"@id\":\"https:\/\/www.vivelibre.es\/en\/#website\",\"url\":\"https:\/\/www.vivelibre.es\/en\/\",\"name\":\"ViveLibre\",\"description\":\"M\u00e1s que un servicio de teleasistencia m\u00f3vil avanzado\",\"publisher\":{\"@id\":\"https:\/\/www.vivelibre.es\/en\/#organization\"},\"potentialAction\":[{\"@type\":\"SearchAction\",\"target\":{\"@type\":\"EntryPoint\",\"urlTemplate\":\"https:\/\/www.vivelibre.es\/en\/?s={search_term_string}\"},\"query-input\":{\"@type\":\"PropertyValueSpecification\",\"valueRequired\":true,\"valueName\":\"search_term_string\"}}],\"inLanguage\":\"en-US\"},{\"@type\":\"Organization\",\"@id\":\"https:\/\/www.vivelibre.es\/en\/#organization\",\"name\":\"ViveLibre\",\"url\":\"https:\/\/www.vivelibre.es\/en\/\",\"logo\":{\"@type\":\"ImageObject\",\"inLanguage\":\"en-US\",\"@id\":\"https:\/\/www.vivelibre.es\/en\/#\/schema\/logo\/image\/\",\"url\":\"https:\/\/www.vivelibre.es\/wp-content\/uploads\/2024\/12\/cropped-vive_libre_logo_principal-1.png\",\"contentUrl\":\"https:\/\/www.vivelibre.es\/wp-content\/uploads\/2024\/12\/cropped-vive_libre_logo_principal-1.png\",\"width\":512,\"height\":512,\"caption\":\"ViveLibre\"},\"image\":{\"@id\":\"https:\/\/www.vivelibre.es\/en\/#\/schema\/logo\/image\/\"}}]}<\/script>\n<!-- \/ Yoast SEO plugin. -->","yoast_head_json":{"title":"Mar\u00eda Laorden | ViveLibre","description":"Descubre como Mar\u00eda Laorden colabora con ViveLibre para mejorar la calidad de vida de las personas mayores, con discapacidad o en situaci\u00f3n de dependencia.","robots":{"index":"index","follow":"follow","max-snippet":"max-snippet:-1","max-image-preview":"max-image-preview:large","max-video-preview":"max-video-preview:-1"},"canonical":"https:\/\/www.vivelibre.es\/en\/collaborator\/maria-laorden\/","og_locale":"en_US","og_type":"article","og_title":"Mar\u00eda Laorden | ViveLibre","og_description":"Descubre como Mar\u00eda Laorden colabora con ViveLibre para mejorar la calidad de vida de las personas mayores, con discapacidad o en situaci\u00f3n de dependencia.","og_url":"https:\/\/www.vivelibre.es\/en\/collaborator\/maria-laorden\/","og_site_name":"ViveLibre","article_modified_time":"2025-02-07T09:20:50+00:00","og_image":[{"width":312,"height":325,"url":"https:\/\/www.vivelibre.es\/wp-content\/uploads\/2025\/01\/Dra.-Maria-Laorden-Neuropsicologa.jpg","type":"image\/jpeg"}],"twitter_card":"summary_large_image","twitter_misc":{"Est. reading time":"1 minute"},"schema":{"@context":"https:\/\/schema.org","@graph":[{"@type":"WebPage","@id":"https:\/\/www.vivelibre.es\/en\/collaborator\/maria-laorden\/","url":"https:\/\/www.vivelibre.es\/en\/collaborator\/maria-laorden\/","name":"Mar\u00eda Laorden | ViveLibre","isPartOf":{"@id":"https:\/\/www.vivelibre.es\/en\/#website"},"primaryImageOfPage":{"@id":"https:\/\/www.vivelibre.es\/en\/collaborator\/maria-laorden\/#primaryimage"},"image":{"@id":"https:\/\/www.vivelibre.es\/en\/collaborator\/maria-laorden\/#primaryimage"},"thumbnailUrl":"https:\/\/www.vivelibre.es\/wp-content\/uploads\/2025\/01\/Dra.-Maria-Laorden-Neuropsicologa.jpg","datePublished":"2024-11-13T21:57:12+00:00","dateModified":"2025-02-07T09:20:50+00:00","description":"Descubre como Mar\u00eda Laorden colabora con ViveLibre para mejorar la calidad de vida de las personas mayores, con discapacidad o en situaci\u00f3n de dependencia.","breadcrumb":{"@id":"https:\/\/www.vivelibre.es\/en\/collaborator\/maria-laorden\/#breadcrumb"},"inLanguage":"en-US","potentialAction":[{"@type":"ReadAction","target":["https:\/\/www.vivelibre.es\/en\/collaborator\/maria-laorden\/"]}]},{"@type":"ImageObject","inLanguage":"en-US","@id":"https:\/\/www.vivelibre.es\/en\/collaborator\/maria-laorden\/#primaryimage","url":"https:\/\/www.vivelibre.es\/wp-content\/uploads\/2025\/01\/Dra.-Maria-Laorden-Neuropsicologa.jpg","contentUrl":"https:\/\/www.vivelibre.es\/wp-content\/uploads\/2025\/01\/Dra.-Maria-Laorden-Neuropsicologa.jpg","width":312,"height":325,"caption":"Dra. Mar\u00eda Laorden Neuropsic\u00f3loga"},{"@type":"BreadcrumbList","@id":"https:\/\/www.vivelibre.es\/en\/collaborator\/maria-laorden\/#breadcrumb","itemListElement":[{"@type":"ListItem","position":1,"name":"Home","item":"https:\/\/www.vivelibre.es\/en\/"},{"@type":"ListItem","position":2,"name":"Mar\u00eda Laorden"}]},{"@type":"WebSite","@id":"https:\/\/www.vivelibre.es\/en\/#website","url":"https:\/\/www.vivelibre.es\/en\/","name":"ViveLibre","description":"M\u00e1s que un servicio de teleasistencia m\u00f3vil avanzado","publisher":{"@id":"https:\/\/www.vivelibre.es\/en\/#organization"},"potentialAction":[{"@type":"SearchAction","target":{"@type":"EntryPoint","urlTemplate":"https:\/\/www.vivelibre.es\/en\/?s={search_term_string}"},"query-input":{"@type":"PropertyValueSpecification","valueRequired":true,"valueName":"search_term_string"}}],"inLanguage":"en-US"},{"@type":"Organization","@id":"https:\/\/www.vivelibre.es\/en\/#organization","name":"ViveLibre","url":"https:\/\/www.vivelibre.es\/en\/","logo":{"@type":"ImageObject","inLanguage":"en-US","@id":"https:\/\/www.vivelibre.es\/en\/#\/schema\/logo\/image\/","url":"https:\/\/www.vivelibre.es\/wp-content\/uploads\/2024\/12\/cropped-vive_libre_logo_principal-1.png","contentUrl":"https:\/\/www.vivelibre.es\/wp-content\/uploads\/2024\/12\/cropped-vive_libre_logo_principal-1.png","width":512,"height":512,"caption":"ViveLibre"},"image":{"@id":"https:\/\/www.vivelibre.es\/en\/#\/schema\/logo\/image\/"}}]}},"_links":{"self":[{"href":"https:\/\/www.vivelibre.es\/en\/wp-json\/wp\/v2\/collaborator\/3205","targetHints":{"allow":["GET"]}}],"collection":[{"href":"https:\/\/www.vivelibre.es\/en\/wp-json\/wp\/v2\/collaborator"}],"about":[{"href":"https:\/\/www.vivelibre.es\/en\/wp-json\/wp\/v2\/types\/vl-collaborator"}],"wp:featuredmedia":[{"embeddable":true,"href":"https:\/\/www.vivelibre.es\/en\/wp-json\/wp\/v2\/media\/2609"}],"wp:attachment":[{"href":"https:\/\/www.vivelibre.es\/en\/wp-json\/wp\/v2\/media?parent=3205"}],"curies":[{"name":"wp","href":"https:\/\/api.w.org\/{rel}","templated":true}]}}

María Laorden

<p>Graduated in Psychology from the Complutense University of Madrid, she has enhanced her education with a Master&#8217;s in Cognitive Neuropsychology and a Master&#8217;s in Behavioral Science Methodology.</p><p>She has worked in various clinical practices, specializing in diagnosis, treatment, and guidance for neurodevelopmental disorders and learning difficulties.</p><p>María has led a digital transformation project in the field of neuropsychology, focusing on integrating artificial intelligence and digitizing cognitive stimulation for neurodevelopmental disorders and learning difficulties.</p><p>She views psychology as a discipline aimed at understanding individuals within their personal, familial, and social contexts, with the ultimate goal of providing strategies that promote health and adaptation for every life situation.</p>

<!-- This site is optimized with the Yoast SEO plugin v25.0 - https://yoast.com/wordpress/plugins/seo/ -->
<title>María Laorden | ViveLibre</title>
<meta name="description" content="Descubre como María Laorden colabora con ViveLibre para mejorar la calidad de vida de las personas mayores, con discapacidad o en situación de dependencia." />
<meta name="robots" content="index, follow, max-snippet:-1, max-image-preview:large, max-video-preview:-1" />
<link rel="canonical" href="https://www.vivelibre.es/en/collaborator/maria-laorden/" />
<meta property="og:locale" content="en_US" />
<meta property="og:type" content="article" />
<meta property="og:title" content="María Laorden | ViveLibre" />
<meta property="og:description" content="Descubre como María Laorden colabora con ViveLibre para mejorar la calidad de vida de las personas mayores, con discapacidad o en situación de dependencia." />
<meta property="og:url" content="https://www.vivelibre.es/en/collaborator/maria-laorden/" />
<meta property="og:site_name" content="ViveLibre" />
<meta property="article:modified_time" content="2025-02-07T09:20:50+00:00" />
<meta property="og:image" content="https://www.vivelibre.es/wp-content/uploads/2025/01/Dra.-Maria-Laorden-Neuropsicologa.jpg" />
	<meta property="og:image:width" content="312" />
	<meta property="og:image:height" content="325" />
	<meta property="og:image:type" content="image/jpeg" />
<meta name="twitter:card" content="summary_large_image" />
<meta name="twitter:label1" content="Est. reading time" />
	<meta name="twitter:data1" content="1 minute" />
<script type="application/ld+json" class="yoast-schema-graph">{"@context":"https://schema.org","@graph":[{"@type":"WebPage","@id":"https://www.vivelibre.es/en/collaborator/maria-laorden/","url":"https://www.vivelibre.es/en/collaborator/maria-laorden/","name":"María Laorden | ViveLibre","isPartOf":{"@id":"https://www.vivelibre.es/en/#website"},"primaryImageOfPage":{"@id":"https://www.vivelibre.es/en/collaborator/maria-laorden/#primaryimage"},"image":{"@id":"https://www.vivelibre.es/en/collaborator/maria-laorden/#primaryimage"},"thumbnailUrl":"https://www.vivelibre.es/wp-content/uploads/2025/01/Dra.-Maria-Laorden-Neuropsicologa.jpg","datePublished":"2024-11-13T21:57:12+00:00","dateModified":"2025-02-07T09:20:50+00:00","description":"Descubre como María Laorden colabora con ViveLibre para mejorar la calidad de vida de las personas mayores, con discapacidad o en situación de dependencia.","breadcrumb":{"@id":"https://www.vivelibre.es/en/collaborator/maria-laorden/#breadcrumb"},"inLanguage":"en-US","potentialAction":[{"@type":"ReadAction","target":["https://www.vivelibre.es/en/collaborator/maria-laorden/"]}]},{"@type":"ImageObject","inLanguage":"en-US","@id":"https://www.vivelibre.es/en/collaborator/maria-laorden/#primaryimage","url":"https://www.vivelibre.es/wp-content/uploads/2025/01/Dra.-Maria-Laorden-Neuropsicologa.jpg","contentUrl":"https://www.vivelibre.es/wp-content/uploads/2025/01/Dra.-Maria-Laorden-Neuropsicologa.jpg","width":312,"height":325,"caption":"Dra. María Laorden Neuropsicóloga"},{"@type":"BreadcrumbList","@id":"https://www.vivelibre.es/en/collaborator/maria-laorden/#breadcrumb","itemListElement":[{"@type":"ListItem","position":1,"name":"Home","item":"https://www.vivelibre.es/en/"},{"@type":"ListItem","position":2,"name":"María Laorden"}]},{"@type":"WebSite","@id":"https://www.vivelibre.es/en/#website","url":"https://www.vivelibre.es/en/","name":"ViveLibre","description":"Más que un servicio de teleasistencia móvil avanzado","publisher":{"@id":"https://www.vivelibre.es/en/#organization"},"potentialAction":[{"@type":"SearchAction","target":{"@type":"EntryPoint","urlTemplate":"https://www.vivelibre.es/en/?s={search_term_string}"},"query-input":{"@type":"PropertyValueSpecification","valueRequired":true,"valueName":"search_term_string"}}],"inLanguage":"en-US"},{"@type":"Organization","@id":"https://www.vivelibre.es/en/#organization","name":"ViveLibre","url":"https://www.vivelibre.es/en/","logo":{"@type":"ImageObject","inLanguage":"en-US","@id":"https://www.vivelibre.es/en/#/schema/logo/image/","url":"https://www.vivelibre.es/wp-content/uploads/2024/12/cropped-vive_libre_logo_principal-1.png","contentUrl":"https://www.vivelibre.es/wp-content/uploads/2024/12/cropped-vive_libre_logo_principal-1.png","width":512,"height":512,"caption":"ViveLibre"},"image":{"@id":"https://www.vivelibre.es/en/#/schema/logo/image/"}}]}</script>
<!-- / Yoast SEO plugin. -->

María Laorden | ViveLibre

Descubre como María Laorden colabora con ViveLibre para mejorar la calidad de vida de las personas mayores, con discapacidad o en situación de dependencia.

Dra. María Laorden Neuropsicóloga

Más que un servicio de teleasistencia móvil avanzado
